q. Suppose -f*k = -8*k + 356. Is k prime?
True
Is (-63)/((-3465)/39265468) - (-3)/(-5) composite?
False
Let s = 129 + -124. Suppose 34968 = 4*h - s*a, 12 = -a - 2*a. Is h a composite number?
False
Let o(b) = 4*b**3 + 14*b**2 + 25*b - 40. Let n(v) = v**3 + 5*v**2 + 8*v - 13. Let k(x) = 7*n(x) - 2*o(x). Suppose 3*s + 2*s = -40. Is k(s) a prime number?
False
Let q be (-2 - -2)/1*27/(-54). Let k(w) = 3*w + 1006. Is k(q) prime?
False
Is 11 + 49/(-833) + (-8614207)/(-17) composite?
False
Let a(i) = -i**3 + 5*i**2 - 6*i - 24. Let l be a(-16). Suppose 6*u + 3828 = -t + 7*u, 3*t = -2*u - 11469. Let n = l + t. Is n a composite number?
True
Let o(b) be the first derivative of -81*b**6/10 - b**5/60 - b**4/12 - b**2 + 14. Let k(h) be the second derivative of o(h). Is k(-1) prime?
False
Let k be ((-36)/4)/3*(-290788)/12. Suppose -3*i - 4*d + k = 0, 18*i - 96936 = 14*i - 4*d. Is i a prime number?
True
Suppose 8*y - 147 = y. Suppose 36954 = -15*w + y*w. Is w prime?
False
Let l(d) = 2*d**3 - d**2 - 5*d - 2. Let m be l(-2). Let p be -2 + 0 + (m - -16). Suppose -119 = p*v - 3497. Is v prime?
False
Suppose b + 2*a = -0*b + 6964, -4*b - 2*a = -27838. Suppose -i = -2*o - 1903, o = 4*i - 619 - b. Is i composite?
True
Suppose -56*f - 4963 = -63*f. Let j = -4 - -6. Suppose -s + j*s = f. Is s prime?
True
Suppose 39*l - 41*l = 5*q - 542806, 0 = -5*q + 20. Is l composite?
False
Suppose 35*f + 30 = 41*f. Suppose -4*v + 15427 = -5*s, -3*v - 19340 = -8*v - f*s. Is v a composite number?
False
Let y = 695 - 709. Is ((-36830)/(-15))/(y/(-21)) a composite number?
True
Let n = -425 + 1631. Let v = n + -665. Is v prime?
True
Suppose -2*p + c + 2*c + 242 = 0, 258 = 2*p + 5*c. Let t = p + -101. Is t a prime number?
True
Let w = -67 + 71. Suppose -4*i + 2714 = 2*o, 0 = -w*o + 5*o - 4*i - 1369. Is o composite?
False
Suppose -154*n - 26571511 = -96*n - 87*n. Is n a composite number?
False
Suppose 62931 = -26*f - 25*f + 54*f. Is f a prime number?
False
Let q(s) = 89*s - 261. Let y be q(35). Suppose 3*k - l - y = -612, 0 = -5*k - 4*l + 3714. Is k composite?
True
Suppose -7*m = -37 + 135. Is -2 + m/(-6) + (-112974)/(-9) a composite number?
False
Let n(g) = g**3 - 7*g**2 + 14*g. Let p be n(4). Let w(z) = 16*z**3 - 15*z**2 - 7*z + 1. Is w(p) a composite number?
False
Suppose -12*w = 7*y - 10*w - 1084105, 4*w = 16. Is y a prime number?
True
Suppose 2*c = -3*z + 483893, 37*c = 32*c - 10. Is z a composite number?
True
Let d = -141521 - -248358. Is d prime?
False
Suppose -32*b = -38*b + 18. Let w(m) = -52*m. Let r be w(-8). Suppose -2*p - 1051 = -5*a, -b*a + 3*p + r = -a. Is a a composite number?
False
Suppose -56242 = 17*j - 1501089. Is j composite?
False
Suppose 0 = -5*y - 2*k + 1955 + 3352, -y + 1059 = -2*k. Suppose 10381 = 5*r + 2141. Let m = r - y. Is m composite?
False
Let x(j) = -j - 3. Let r(i) = 1902*i - 33. Let g(w) = -r(w) + 12*x(w). Is g(-3) composite?
True
Let x(s) = 75*s + 19. Let z be x(8). Suppose -617*h = -z*h + 59818. Is h a prime number?
False
Let b be -4*(4 + 635/(-4)). Let h = b + -274. Suppose 3734 = d + h. Is d a composite number?
False
Suppose -9*o = -6*o - 6. Suppose -o*f = -4*i - 504 + 2280, 0 = 2*i + f - 884. Is i a prime number?
True
Let i be -2 + 372*(-3 - -2). Suppose -3*y - 1593 = d, -10*d = -11*d - y - 1585. Let a = i - d. Is a prime?
False
Suppose -h - 1 = 4*b - 22, -3*h = 3*b - 27. Let n be (-134)/(-12)*3*(2358 + b). Suppose 12*a - n = -14531. Is a a prime number?
False
Suppose -5*q + 133889 = -3*p, 2*p + 133891 = -0*q + 5*q. Is q prime?
False
Suppose 0*j - 2*j - w = 5829, -3*w = -4*j - 11663. Is (j/110)/((-1)/254) composite?
True
Let m(r) = 4*r**3 - 12*r**2 - 13*r + 31. Let x(h) = -h**3 + h**2 - h. Let b(c) = m(c) + 3*x(c). Is b(15) a composite number?
True
Suppose 2*x + 117 = o - 3*x, 0 = -o - 3*x + 85. Let z be 18*(-12)/(-216)*4/1. Suppose 3*s = -z*n + 270, -5*s + 100 + o = 3*n. Is n a composite number?
True
Let j(n) = -2*n**3 - 13*n**2 - 14*n + 10. Let w be j(-5). Suppose -2*l = 2*l. Suppose -1 - 11 = 3*s, w*u - s - 749 = l. Is u composite?
False
Suppose -40*y + 66*y - 34*y = -1257304. Is y prime?
True
Suppose u - 164214 = -3*l, -3*l - 70*u = -75*u - 164196. Is l prime?
False
Let j(t) = -8*t**3 - 145*t**2 + 47*t + 129. Is j(-44) a composite number?
False
Let g(w) = 7*w - 84. Let u be g(12). Let b(f) = -f**2 - 6*f + 92. Let l be b(u). Suppose -5*x + x - 174 = -5*p, 2*p = -4*x + l. Is p a prime number?
False
Let c(i) be the first derivative of -41*i - 229/2*i**2 - 7. Is c(-15) composite?
True
Is 28562*(2 + 7/((-112)/(-24))) prime?
False
Let v be -2 - (-1 - 18 - 1). Suppose -v*u + 15*u = -16833. Suppose -2*w + 2813 = -5*d, 0*w - 5*d - u = -4*w. Is w prime?
True
Let q be -6 - (12/(-4) + 2). Let t(d) = 362*d - 28. Let p be t(q). Is ((-2)/(-4))/((-1)/p) composite?
False
Suppose -5*s = q + 46557 - 148573, q - 102056 = 3*s. Is q a prime number?
False
Suppose -5*f = 3*v - 7*v + 171314, -11*f - 214171 = -5*v. Is v composite?
False
Let l(v) = -v**3 + 20*v**2 + 29*v - 19. Let m(d) = 6*d**2 + 4*d + 5. Let r be 0 + -3 - 6/(3 + -9). Let s be m(r). Is l(s) a prime number?
True
Let q(j) = -j + 1. Let r(s) be the first derivative of 52*s**2 - 8*s - 1. Let v(o) = -2*q(o) + r(o). Is v(6) prime?
False
Let o(p) = -16*p - 126. Let x be o(-8). Suppose -5*l + l - 4*u + 2084 = 0, -516 = -l - x*u. Is l a composite number?
True
Suppose 0 = 17*d + 51 + 51. Is 21/d*((-92520)/28 + 2) a prime number?
False
Let y(g) = -204*g - 11. Suppose 21 = 3*i + 3. Suppose 21 = 2*p + 5*z, 5*z - i = -2*p + 3*z. Is y(p) a composite number?
False
Let a(d) = -5352*d - 66. Let j be a(-4). Is (-5 + -2 - -6) + j a composite number?
False
Suppose -201*r + 21707011 = 282*r - 16675550. Is r prime?
False
Let p be (-2)/((-1)/(-3 + (-3 - -7))). Let o be 3*(-2)/(-3) - (-8)/p. Is (-14)/o*(5044 - -8)/(-4) a prime number?
False
Suppose -3902396 = -4*m - 2*w, -31*m + 26*m + 4878031 = -2*w. Is m a composite number?
True
Suppose -28*g + 15798 = -71254. Is g a prime number?
True
Let q = -101 - -101. Let n be ((-2)/6)/(9/(-54) + q). Suppose -p + 1577 = 2*p + 4*d, 0 = n*d + 2. Is p a prime number?
False
Let m(f) = f**3 + 19*f**2 + 5*f + 15. Suppose o + 5*v = -o - 24, 3*v = -4*o - 62. Let l be m(o). Suppose -4*d = -0*d - l. Is d prime?
True
Let j = -17124 + 47047. Is j a prime number?
False
Suppose 2 = -r - 5*s + 29, 5*r - s - 31 = 0. Suppose r*v + 2*w + 51703 = 10*v, 2*v = -2*w + 34482. Is v a composite number?
True
Suppose 19*g - 20*g + t = -15, 0 = -3*t - 9. Suppose -g*u + 7602 = -33066. Is u a composite number?
False
Suppose -5*k - 7 = n - 3*n, 0 = -4*n - 4*k - 28. Let r be ((n/10)/((-12)/120))/(-2). Is ((-309)/(-6))/(-1*r/44) composite?
True
Let p = -4589 - -4996. Is p a prime number?
False
Let s be (5/5 - -49)*196576/(-80). Let b = 4 - 0. Is s/8*b/(-10) a prime number?
True
Let h be 6/30 + 63/(-15) - -4. Suppose z + 4*z - 75835 = h. Is z prime?
False
Is (4/6)/(((-56)/(-431781))/4)*1 a composite number?
True
Let u be 552/54 + (-2)/9. Let b(k) be the second derivative of 427*k**3/6 - 5*k**2/2 + k + 106. Is b(u) prime?
False
Let m = -792703 - -1808516. Is m prime?
True
Suppose -4*t - 262640 = -32*t. Let b = 13203 - t. Is b prime?
True
Suppose -180864 - 38713 = -s. Is s a prime number?
True
Let p(u) = 644*u**2 - 11*u. Let k be p(7). Suppose -4*t + 0*t + 12614 = 2*r, -5*r + 4*t = -k. Is r a composite number?
False
Suppose -101*b + 16056497 = -7040082. Is b prime?
False
Is 1*-461973*105/90*2/(-7) composite?
False
Suppose -5*u - y + 4769 = 0, -4*u + 5*u = -3*y + 965. Is u composite?
False
Let c(i) = 326*i - 162. Let u(d) = -2*d - 1. Let x(o) = -c(o) + 3*u(o). Is x(-11) composite?
True
Let r = 1009520 - 678081. Is r a prime number?
False
Let h(g) be the second derivative of -11*g**5/20 - 2*g**4/3 - 5*g**3/6 - 5*g**2/2 - 2*g. Let s = -177 + 172. Is h(s) composite?
True
Is (74592 - 1) + (6 - 0/(12/2)) a prime number?
True
Let p(b) = 339*b**2 + 2*b + 1. Let y(r) = 21 - 13 + 27 + 3 - 3*r. Let d be y(12). Is p(d) a prime number?
True
Let p = -98 - -98. Suppose p = l + 2*k + 9 - 4, 5*k = 4*l - 32. Suppose 2*r + 478 = 5*f, -266 = -3*f - l*r - r. Is f composite?
True
Let g(m) = -m**3 + 4*m**2 + 3*m + 10. Let a be g(5). Suppose 48*t - 51*t + 2721 = a. Is t composite?
False
Is (-6662040)/(-35) + (-19 - -2) a prime number?
False
Is 